st the prime factors of m.
3, 5, 7
Let q(k) = 9*k + 32. Let g be q(-21). Let t = 271 + g. List the prime factors of t.
2, 3, 19
Let m = -260 + 54. Let y = 159 - m. What are the prime factors of y?
5, 73
Let n(b) = 44*b - 2. Let y be n(1). Suppose 0 = -z + 5*d + y, z - 3*d - 72 = -4*d. Suppose -5*k + z = -23. List the prime factors of k.
2, 3
Let v = -16364 + 24140. What are the prime factors of v?
2, 3
Let n(u) = -4*u + 117. Let h be n(0). Let g = 286 + h. What are the prime factors of g?
13, 31
List the prime factors of (-2002516)/8*(-2)/19 + 22/209.
3, 8783
Let d(g) = -g**3 - 36*g**2 - 40*g - 261. What are the prime factors of d(-38)?
11, 13, 29
Let s be ((-4)/(-20))/(5/25). List the prime factors of s - 5 - (-672 - -22).
2, 17, 19
Let f(z) be the second derivative of -3*z**5/20 - 11*z**4/12 - z**3/2 + 3*z**2/2 - 4*z - 5. Let j = -29 - -24. List the prime factors of f(j).
2, 59
Let j = -3604 - -13067. Suppose j = -7*u + 1546. What are the prime factors of (-20)/6*(u/2)/13?
5, 29
Let n(j) = 481*j**3 - 2*j**2 + 15*j - 35. List the prime factors of n(2).
5, 13, 59
Let q(p) = 2214*p + 17*p**2 - 2207*p + 3*p**3 - 4*p**2 - 2*p**3 + 8. Let k = 13 + -25. List the prime factors of q(k).
2, 17
Let w = 32 - 66. Let o = 37 + w. Suppose -5*l = -o*l - 190. List the prime factors of l.
5, 19
Let h = -256 + 361. Let p = h + -33. What are the prime factors of p?
2, 3
List the prime factors of (2 + 12208)*-3*(-6)/45.
2, 3, 11, 37
Suppose 0 = -145*f + 165*f - 351880. List the prime factors of f.
2, 19, 463
Suppose 70 = -28*v + 26*v. Let j = v - -44. Suppose -j*m = -445 - 473. What are the prime factors of m?
2, 3, 17
Suppose 0*m + 5*m = -3*c + 54, 21 = 4*m - 5*c. Let b = 219 - m. List the prime factors of b.
2, 3, 5, 7
Suppose 5*q + 3*g + 137 = 0, 0 = -2*q + 5*g + 37 - 98. Let u(x) = -x**3 - 25*x**2 + 72*x + 28. List the prime factors of u(q).
2, 7, 13
Let l(p) = 17*p**2 + 2*p - 19. Let m be (6 + (-216)/30)*5. What are the prime factors of l(m)?
7, 83
Suppose -3*x - 5*z - 8 = -z, 3*x = -3*z - 6. Suppose -n - 35 = -x. List the prime factors of n/10*54/(-3).
3, 7
Let c(g) be the third derivative of g**6/30 - g**5/20 + g**3/6 + 70*g**2. What are the prime factors of c(5)?
2, 3, 71
Suppose 13*t - 4*t - 109405 = 632816. List the prime factors of t.
82469
What are the prime factors of (-18)/(-1)*1855/(-10)*(-434)/93?
2, 3, 7, 53
Suppose -3*m = 4*v - 0*v - 9621, 0 = 4*m + 2*v - 12838. What are the prime factors of m?
13, 19
What are the prime factors of -8 + 0 + (3262 + -1 - -4)?
3257
Let y(p) = 466*p**3 + 3*p**2 - p + 3. What are the prime factors of y(3)?
3, 467
Suppose 2*s - 4*y - 15912 = 0, 4*s + 2*y = -2053 + 33917. List the prime factors of s.
2, 11, 181
Let a be -12*(-3 + 2) - 6. What are the prime factors of (-6)/(-9) - ((-584)/a + 3)?
5, 19
Suppose d + 2*p = -2*d + 6, -4*p - 4 = 2*d. Suppose 1 + d = q. Suppose q*t + 120 = u, -4*t = 3*u - t - 270. List the prime factors of u.
5, 19
Suppose -j - z = 3769, -5*j + 3*z - 15069 = -j. Let o = -1897 - j. List the prime factors of o.
1871
Suppose 122*x = 516845 - 120467. List the prime factors of x.
3, 19
Let i(p) = -p**2 - 21*p - 29. Suppose 3*g + 18 = 150. Suppose 7 = -3*t - g. List the prime factors of i(t).
3, 13
Let l = 456 - 438. Let s(i) = 16*i - 49. What are the prime factors of s(l)?
239
Let t(a) = -4082*a - 9105. What are the prime factors of t(-13)?
43961
Let k = -3557 + 7275. What are the prime factors of k?
2, 11, 13
Let w(k) = 31*k + 28. Suppose -12 = -4*z + 4*h, 4*z + 0*h = 3*h + 12. What are the prime factors of w(z)?
11
Let o(m) = m**2 - 40*m - 134. Let g be o(43). Let l(w) = -156*w - 38. What are the prime factors of l(g)?
2, 7, 53
Suppose 2 = -3*g - 10, 3*g = -l + 3. What are the prime factors of 3762/5 + (-6)/l?
2, 47
Let y = -582 + 606. Suppose 2480 = 32*p - y*p. What are the prime factors of p?
2, 5, 31
Suppose -2721*c = -2730*c + 121401. What are the prime factors of c?
7, 41, 47
Let j(o) = o**2 + 24*o + 4. Let b = -263 - -239. What are the prime factors of j(b)?
2
Suppose 2*z - t = -3*z - 95, 0 = -2*z + t - 38. Let u(q) = 15*q - 52. Let s(h) = 35*h - 104. Let w(y) = 2*s(y) - 5*u(y). List the prime factors of w(z).
3, 7
Suppose z - 11194 = -112*f + 111*f, -4*z = 2*f - 22392. List the prime factors of f.
2, 1399
Suppose 2*r - 348 = 58. Let w = r - 26. What are the prime factors of w?
3, 59
What are the prime factors of ((-2189064)/(-168) + 1/(-7))*(-4)/(-5)?
2, 1303
Suppose 2*a + 4*s - 20 = 0, 6*a - 2*s = a + 86. Suppose 2*w = 5*q + 29, 0*q = q - 1. List the prime factors of 2642/a + w/(-136).
3, 5, 11
Let f = -719 - -714. Let s(d) = -95*d + 252. List the prime factors of s(f).
727
Let v = 6171 - 3960. List the prime factors of v.
3, 11, 67
Let f(r) = 608*r**2 - 112*r + 1. What are the prime factors of f(-7)?
30577
Let j be (((-28)/5)/(-7))/((-6)/(-15)). Suppose 1249 = j*o - 619. Suppose -7*r + o - 213 = 0. What are the prime factors of r?
103
Suppose 0 = 2*q - 3*c - 89983, -3*q + 447*c = 448*c - 135002. List the prime factors of q.
17, 2647
Suppose -163 - 2777 = -7*k. Suppose -h + r = -313, -r = h + 109 - k. What are the prime factors of h?
2, 3, 13
Let j(m) = -m**3 + 5*m**2 + 2*m - 4. Let h be j(4). Suppose -h + 0 = -5*o. Suppose 5*u - 157 = 3*r, -o - 5 = -u - 5*r. What are the prime factors of u?
29
What are the prime factors of 12 - -851 - 42/(-6)?
2, 3, 5, 29
Suppose 0 = 2*t + t - 15. Suppose p = 5*h + t*p - 139, 16 = -4*p. Let y = 54 - h. What are the prime factors of y?
23
Suppose n = -y + 117, 62*y - 64*y = -2*n + 254. Let f = -25 - -67. Let p = n - f. What are the prime factors of p?
2, 5
Let a(b) = -126*b - 126. Let j be a(-4). Let d = j - 75. List the prime factors of d.
3, 101
Let m be -44 - (-1 + 1 + -1). Suppose 0 = 3*c - 5*g - 397 + 39, 4 = 4*g. Let j = c + m. What are the prime factors of j?
2, 3, 13
Let v(a) = -11*a**2 - 11*a + 8. Let l(r) = r**2 - r + 2. Let u(q) = 4*l(q) - v(q). What are the prime factors of u(5)?
2, 5, 41
Suppose -48*p + 54*p = 0. Suppose 2*n + z - 946 = p, -2*z + 1437 = 3*n - 5*z. What are the prime factors of n?
5, 19
Let u = 97 - 234. Let a = u + 231. List the prime factors of a.
2, 47
Let g(p) = -2*p - 9. Let r be g(-12). Let y be (1420/(-25))/(-2)*r. Suppose 4*j - y = -c, 2*c + 146 = 2*j - 62. List the prime factors of j.
2, 53
Let s(b) = 2*b**3 - 11*b**2 - 5*b - 3. Let z be s(6). Let t(c) = 9*c**3 + z*c - 7*c**3 + 4 - 6*c**2 + 2*c - c**3. What are the prime factors of t(6)?
2, 17
What are the prime factors of ((-593237)/(-57))/((-4)/(-12)) - 11?
2, 3, 17
Suppose g + 7*g = 35*g - 711153. What are the prime factors of g?
26339
Let i be 9126/13 + (-6)/(-2). List the prime factors of i/21 + 27/63.
2, 17
Let f(u) = u + 48. Let l be f(-28). Let j(a) = -l*a**2 - 6 - 24*a**2 + 29*a + 43*a**2 - 55. What are the prime factors of j(21)?
107
Let b be (-7)/((-35)/10)*2/(-4). Let w be (-10)/(-4)*(b/1 + 11). Suppose -a + 4 = -w. List the prime factors of a.
29
Let a be 65/15 - 5 - (-652)/6. Let x = 363 - a. List the prime factors of x.
3, 5, 17
Let j = 69 + -56. Suppose -5*h - 3 - 27 = -3*v, 5*v = -4*h + j. What are the prime factors of (v + -2 - 0) + 37?
2, 5
Suppose 0 = 11*k - 85689 + 8920. List the prime factors of k.
7, 997
Suppose 26*s = 33*s - 28. Suppose -3*a - s*g = -1150, -1913 = -10*a + 5*a - 3*g. List the prime factors of a.
2, 191
Let p be (-3)/24 + 484/32. Let j(f) = f**3 - 14*f**2 - 9*f - 17. Let v be j(p). Let h = 116 + v. What are the prime factors of h?
3, 7
List the prime factors of 2*(-21171)/(-18)*(-105 - -111).
2, 7057
Let l be ((-562)/(-9))/(24/216). Let g = -368 + l. What are the prime factors of g?
2, 97
Suppose -6*p - 38 = -8*p. Suppose 5*j = -2*f + 22, -5*j + f + 0*f = -p. List the prime factors of j/16 + 1484/16.
3, 31
Let x(p) = -p**2 - 16*p - 55. Let h be x(-9). Suppose -989 = -h*s + 675. What are the prime factors of s?
2, 13
Suppose -837*k = -835*k + 4*p - 21678, -p + 21675 = 2*k. What are the prime factors of k?
10837
Let f(a) be the second derivative of -a**3/3 + 11*a**2/2 + 13*a. Let y be f(2). Suppose -y*o + 11*o = 356. List the prime factors of o.
89
Let c(w) be the first derivative of w**4/4 - 11*w**3/3 + 17*w**2/2 - w + 13. Let v be c(7). Let r = v + 148. What are the prime factors of r?
2, 5, 7
Let v = 12449 + -7291. List th